{"id":189,"date":"2019-08-08T13:33:09","date_gmt":"2019-08-08T11:33:09","guid":{"rendered":"http:\/\/www.nuovaagis.it\/?page_id=189"},"modified":"2019-08-08T17:12:29","modified_gmt":"2019-08-08T15:12:29","slug":"informativa-privacy-sito","status":"publish","type":"page","link":"https:\/\/www.nuovaagis.it\/index.php\/informativa-privacy-sito\/","title":{"rendered":"Informativa Navigatori"},"content":{"rendered":"\n<p style=\"text-align:center\"><strong>INFORMATIVA NAVIGATORI SITO INTERNET<br>\n<br>\n<\/strong><\/p>\n\n\n\n<p>ASD Nuova A.gi.s.<br>Localit\u00e0 Valitosa 32 <br>60041 Sassoferrato (AN) <br>Codice Fiscale: 92041440428 <br>Partita Iva: 02729100426  <\/p>\n\n\n\n<p><strong>Informativa sul trattamento dei dati personali ex artt.\n13-14 Reg.to UE 2016\/679<\/strong><\/p>\n\n\n\n<p>A.s.d.\nNuova Agis nella qualit\u00e0 di Titolare del trattamento dei Suoi dati personali,\nai sensi e per gli effetti del Reg.to UE 2016\/679 di seguito &#8216;GDPR&#8217;, con la presente\nLa informa che la citata normativa prevede la tutela degli interessati rispetto\nal trattamento dei dati personali e che tale trattamento sar\u00e0 improntato ai principi\ndi correttezza, liceit\u00e0, trasparenza e di tutela della Sua riservatezza e dei\nSuoi diritti.<\/p>\n\n\n\n<p>I\nSuoi dati personali verranno trattati in accordo alle disposizioni legislative\ndella normativa sopra richiamata e degli obblighi di riservatezza ivi previsti.\n<\/p>\n\n\n\n<p>Finalit\u00e0\ne base giuridica del trattamento: in particolare i Suoi dati saranno utilizzati\nper le seguenti finalit\u00e0 relative all\u2019esecuzione di misure connesse ad obblighi\ncontrattuali o pre-contrattuali:<\/p>\n\n\n\n<ul class=\"wp-block-list\"><li><strong>accesso tecnico e Funzionale al\nSito nessun dato viene tenuto dopo la chiusura del Browser;<\/strong><\/li><li><strong>finalit\u00e0 di navigazione Evoluta o\ngestione dei contenuti personalizzata;<\/strong><\/li><li><strong>finalit\u00e0 Statistica e di Analisi\ndella navigazione e degli utenti.<\/strong><\/li><\/ul>\n\n\n\n<p>Modalit\u00e0\ndel trattamento. I suoi dati personali potranno essere trattati nei seguenti\nmodi:<\/p>\n\n\n\n<ul class=\"wp-block-list\"><li><strong>a mezzo calcolatori elettronici\ncon utilizzo di sistemi software gestiti da Terzi;<\/strong><\/li><li><strong>a mezzo calcolatori elettronici\ncon utilizzo di sistemi software gestiti o programmati direttamente.<\/strong><\/li><\/ul>\n\n\n\n<p>Ogni\ntrattamento avviene nel rispetto delle modalit\u00e0 di cui agli artt. 6, 32 del\nGDPR e mediante l&#8217;adozione delle adeguate misure di sicurezza previste.<\/p>\n\n\n\n<p>I\nsuoi dati saranno trattati unicamente da personale espressamente autorizzato\ndal Titolare ed, in particolare, dalle seguenti categorie di addetti:<\/p>\n\n\n\n<ul class=\"wp-block-list\"><li><strong>programmatori e Analisti;<\/strong><\/li><li><strong>soci, associati ed iscritti;<\/strong><\/li><\/ul>\n\n\n\n<p>Comunicazione:\nI suoi dati potranno essere comunicati a soggetti esterni per una corretta\ngestione del rapporto ed in particolare alle seguenti categorie di Destinatari\ntra cui tutti i Responsabili del Trattamento debitamente nominati:<\/p>\n\n\n\n<ul class=\"wp-block-list\"><li><strong>Google Analytics: Target\npubblicitario, Analitica\/Misurazione, Ottimizzazione;<\/strong><\/li><\/ul>\n\n\n\n<p>Diffusione:\nI suoi dati personali non verranno diffusi in alcun modo.<\/p>\n\n\n\n<p>I\nsuoi dati personali potranno inoltre essere trasferiti, limitatamente alle\nfinalit\u00e0 sopra riportate, nei seguenti stati:<\/p>\n\n\n\n<ul class=\"wp-block-list\"><li><strong>Paesi UE;<\/strong><\/li><li><strong>Stati Uniti.<\/strong><\/li><\/ul>\n\n\n\n<p>Periodo\ndi Conservazione. Le segnaliamo che, nel rispetto dei principi di liceit\u00e0,\nlimitazione delle finalit\u00e0 e minimizzazione dei dati, ai sensi dell\u2019art. 5 del GDPR,\nil periodo di conservazione dei Suoi dati personali \u00e8:<\/p>\n\n\n\n<ul class=\"wp-block-list\"><li><strong>stabilito per un arco di tempo\nnon superiore all&#8217;espletamento dei servizi erogati;<\/strong><\/li><li><strong>stabilito per un arco di tempo\nnon superiore al conseguimento delle finalit\u00e0 per le quali sono raccolti e\ntrattati e nel rispetto dei tempi obbligatori prescritti dalla legge.<\/strong><\/li><\/ul>\n\n\n\n<p>Gestione\ndei cookie: nel caso in cui Lei abbia dubbi o preoccupazioni in merito\nall&#8217;utilizzo dei cookie Le \u00e8 sempre possibile intervenire per impedirne l&#8217;impostazione\ne la lettura, ad esempio modificando le impostazioni sulla privacy all&#8217;interno\ndel Suo browser al fine di bloccarne determinati tipi.<\/p>\n\n\n\n<p>Poich\u00e9\nciascun browser &#8211; e spesso diverse versioni dello stesso browser &#8211; differiscono\nanche sensibilmente le une dalle altre se preferisce agire autonomamente\nmediante le preferenze del Suo browser pu\u00f2 trovare informazioni dettagliate\nsulla procedura necessaria nella guida del Suo browser. <\/p>\n\n\n\n<p>Per\nuna panoramica delle modalit\u00e0 di azione per i browser pi\u00f9 comuni, pu\u00f2 visitare\nl&#8217;indirizzo www.cookiepedia.co.uk.<\/p>\n\n\n\n<p>Le\nsociet\u00e0 pubblicitarie consentono inoltre di rinunciare alla ricezione di\nannunci mirati, se lo si desidera. Ci\u00f2 non impedisce l&#8217;impostazione dei cookie,\nma interrompe l&#8217;utilizzo e la raccolta di alcuni dati da parte di tali societ\u00e0.<\/p>\n\n\n\n<p>Per\nmaggiori informazioni e possibilit\u00e0 di rinuncia, visitare l&#8217;indirizzo <a href=\"http:\/\/www.youronlinechoices.eu\/\">www.youronlinechoices.eu\/<\/a>.<\/p>\n\n\n\n<p>Titolare:\nil Titolare del trattamento dei dati, ai sensi della Legge, \u00e8 ASD Nuova A.gi.s.\n(Localit\u00e0 Valitosa 32 , 60041 Sassoferrato (AN); Codice\nFiscale: 92041440428 , Partita Iva: 02729100426 ) nella persona del suo\nlegale rappresentante pro tempore.<\/p>\n\n\n\n<p>Lei\nha diritto di ottenere dal titolare la cancellazione (diritto all&#8217;oblio), la\nlimitazione, l&#8217;aggiornamento, la rettificazione, la portabilit\u00e0, l&#8217;opposizione\nal trattamento dei dati personali che La riguardano, nonch\u00e9 in generale pu\u00f2\nesercitare tutti i diritti previsti dagli artt. 15, 16, 17, 18, 19, 20, 21, 22\ndel GDPR.<\/p>\n\n\n\n<p><strong>Reg.to UE 2016\/679: Artt. 15, 16, 17, 18, 19, 20, 21,\n22 &#8211; Diritti dell&#8217;Interessato<\/strong><\/p>\n\n\n\n<p>1.\nL&#8217;interessato ha diritto di ottenere la conferma dell&#8217;esistenza o meno di dati\npersonali che lo riguardano, anche &nbsp;&nbsp;&nbsp;se\nnon ancora registrati, la loro comunicazione in forma intelligibile e la\npossibilit\u00e0 di effettuare reclamo presso l\u2019Autorit\u00e0 di controllo.<\/p>\n\n\n\n<p>2.\nL&#8217;interessato ha diritto di ottenere l&#8217;indicazione:<\/p>\n\n\n\n<ol class=\"wp-block-list\"><li><strong>dell&#8217;origine\ndei dati personali;<\/strong><\/li><li><strong>delle\nfinalit\u00e0 e modalit\u00e0 del trattamento;<\/strong><\/li><li><strong>della\nlogica applicata in caso di trattamento effettuato con l&#8217;ausilio di strumenti\nelettronici;<\/strong><\/li><li><strong>degli\nestremi identificativi del titolare, dei responsabili e del rappresentante\ndesignato ai sensi dell&#8217;articolo 5, comma 2;<\/strong><\/li><li><strong>dei\nsoggetti o delle categorie di soggetti ai quali i dati personali possono essere\ncomunicati o che possono venirne a conoscenza in qualit\u00e0 di rappresentante\ndesignato nel territorio dello Stato, di responsabili o incaricati.<\/strong><\/li><\/ol>\n\n\n\n<p>3.\nL&#8217;interessato ha diritto di ottenere:<\/p>\n\n\n\n<ol class=\"wp-block-list\"><li><strong>l&#8217;aggiornamento,\nla rettificazione ovvero, quando vi ha interesse, l&#8217;integrazione dei dati;<\/strong><\/li><li><strong>la\ncancellazione, la trasformazione in forma anonima o il blocco dei dati trattati\nin violazione di legge, compresi quelli di cui non \u00e8 necessaria la conservazione\nin relazione agli scopi per i quali i dati sono stati raccolti o\nsuccessivamente trattati;<\/strong><\/li><li><strong>l&#8217;attestazione\nche le operazioni di cui alle lettere a) e b) sono state portate a conoscenza,\nanche per quanto riguarda il loro contenuto, di coloro ai quali i dati sono\nstati comunicati o diffusi, eccettuato il caso in cui tale adempimento si\nrivela impossibile o comporta un impiego di mezzi manifestamente sproporzionato\nrispetto al diritto tutelato;<\/strong><\/li><li><strong>la\nportabilit\u00e0 dei dati.<\/strong><\/li><\/ol>\n\n\n\n<p>4.\nL&#8217;interessato ha diritto di opporsi, in tutto o in parte:<\/p>\n\n\n\n<ol class=\"wp-block-list\"><li><strong>per\nmotivi legittimi al trattamento dei dati personali che lo riguardano, ancorch\u00e9\npertinenti allo scopo della raccolta;<\/strong><\/li><li><strong>al\ntrattamento di dati personali che lo riguardano a fini di invio di materiale\npubblicitario o di vendita diretta o per il compimento di ricerche di mercato o\ndi comunicazione commerciale.<\/strong><\/li><\/ol>\n","protected":false},"excerpt":{"rendered":"<p>INFORMATIVA NAVIGATORI SITO INTERNET ASD Nuova A.gi.s.Localit\u00e0 Valitosa 32 60041 Sassoferrato (AN) Codice Fiscale: 92041440428 Partita Iva: 02729100426 Informativa sul trattamento dei dati personali ex artt. 13-14 Reg.to UE 2016\/679 A.s.d. Nuova Agis nella qualit\u00e0 di Titolare del trattamento dei Suoi dati personali, ai sensi e per gli effetti del&#8230;<\/p>\n<p> <a class=\"continue-reading-link\" href=\"https:\/\/www.nuovaagis.it\/index.php\/informativa-privacy-sito\/\"><span>Continua a leggere<\/span><i class=\"crycon-right-dir\"><\/i><\/a> <\/p>\n","protected":false},"author":1,"featured_media":0,"parent":0,"menu_order":0,"comment_status":"closed","ping_status":"closed","template":"","meta":{"footnotes":""},"class_list":["post-189","page","type-page","status-publish","hentry"],"_links":{"self":[{"href":"https:\/\/www.nuovaagis.it\/index.php\/wp-json\/wp\/v2\/pages\/189","targetHints":{"allow":["GET"]}}],"collection":[{"href":"https:\/\/www.nuovaagis.it\/index.php\/wp-json\/wp\/v2\/pages"}],"about":[{"href":"https:\/\/www.nuovaagis.it\/index.php\/wp-json\/wp\/v2\/types\/page"}],"author":[{"embeddable":true,"href":"https:\/\/www.nuovaagis.it\/index.php\/wp-json\/wp\/v2\/users\/1"}],"replies":[{"embeddable":true,"href":"https:\/\/www.nuovaagis.it\/index.php\/wp-json\/wp\/v2\/comments?post=189"}],"version-history":[{"count":2,"href":"https:\/\/www.nuovaagis.it\/index.php\/wp-json\/wp\/v2\/pages\/189\/revisions"}],"predecessor-version":[{"id":227,"href":"https:\/\/www.nuovaagis.it\/index.php\/wp-json\/wp\/v2\/pages\/189\/revisions\/227"}],"wp:attachment":[{"href":"https:\/\/www.nuovaagis.it\/index.php\/wp-json\/wp\/v2\/media?parent=189"}],"curies":[{"name":"wp","href":"https:\/\/api.w.org\/{rel}","templated":true}]}}